 of 14942862.
2, 3, 11, 163, 463
List the prime factors of 4865501.
19, 256079
List the prime factors of 3761169.
3, 1253723
What are the prime factors of 193439?
19, 10181
List the prime factors of 649097.
19, 127, 269
What are the prime factors of 1971553?
1971553
What are the prime factors of 2308279?
2308279
List the prime factors of 36093093.
3, 37, 325163
What are the prime factors of 1933504?
2, 30211
What are the prime factors of 337761?
3, 37529
What are the prime factors of 16164478?
2, 11, 19, 38671
What are the prime factors of 203996?
2, 13, 3923
List the prime factors of 1560077.
1560077
List the prime factors of 1753162.
2, 876581
What are the prime factors of 4758988?
2, 13, 71, 1289
List the prime factors of 3142241.
503, 6247
List the prime factors of 21144618.
2, 3, 11, 35597
What are the prime factors of 4696601?
7, 13, 73, 101
List the prime factors of 9724345.
5, 1361, 1429
List the prime factors of 2425071.
3, 11, 43, 1709
List the prime factors of 1457886.
2, 3, 17, 14293
What are the prime factors of 865411?
47, 18413
What are the prime factors of 271515?
3, 5, 23, 787
List the prime factors of 11622345.
3, 5, 7, 71, 1559
What are the prime factors of 280860?
2, 3, 5, 31, 151
List the prime factors of 72471.
3, 7, 17, 29
List the prime factors of 154360.
2, 5, 17, 227
List the prime factors of 18724832.
2, 7, 179, 467
What are the prime factors of 541240?
2, 5, 7, 1933
What are the prime factors of 833331?
3, 229, 1213
What are the prime factors of 16082265?
3, 5, 19, 73, 773
What are the prime factors of 260211?
3, 7, 12391
List the prime factors of 67635.
3, 5, 167
What are the prime factors of 15239042?
2, 7, 13, 31, 37, 73
List the prime factors of 1456163.
31, 107, 439
What are the prime factors of 591102?
2, 3, 32839
List the prime factors of 1565214.
2, 3, 7, 83, 449
What are the prime factors of 14749481?
1201, 12281
What are the prime factors of 7454181?
3, 7, 354961
List the prime factors of 1015620.
2, 3, 5, 16927
What are the prime factors of 3319104?
2, 3, 59, 293
What are the prime factors of 809814?
2, 3, 139, 971
What are the prime factors of 5090440?
2, 5, 127261
List the prime factors of 35393487.
3, 67, 176087
What are the prime factors of 9556079?
13, 735083
What are the prime factors of 107090?
2, 5, 10709
What are the prime factors of 81649?
81649
List the prime factors of 16213683.
3, 5404561
List the prime factors of 4347393.
3, 17, 85243
What are the prime factors of 2020645?
5, 11, 36739
List the prime factors of 1857663.
3, 206407
List the prime factors of 2513997.
3, 41, 757
List the prime factors of 1585404.
2, 3, 47, 937
What are the prime factors of 7419917?
79, 93923
List the prime factors of 112877.
112877
What are the prime factors of 2646418?
2, 1051, 1259
List the prime factors of 385429.
11, 37, 947
What are the prime factors of 2749609?
2749609
List the prime factors of 35864.
2, 4483
What are the prime factors of 1005979?
13, 77383
List the prime factors of 229316.
2, 57329
What are the prime factors of 4069075?
5, 37, 53, 83
List the prime factors of 605989.
59, 10271
What are the prime factors of 383591?
13, 19, 1553
What are the prime factors of 1562553?
3, 173617
List the prime factors of 168735.
3, 5, 7, 1607
List the prime factors of 543124.
2, 135781
List the prime factors of 926397.
3, 11437
List the prime factors of 26737583.
17, 1572799
List the prime factors of 539377.
541, 997
List the prime factors of 26915.
5, 7, 769
List the prime factors of 1150501.
11, 41, 2551
List the prime factors of 1425832.
2, 37, 4817
List the prime factors of 9527325.
3, 5, 127031
List the prime factors of 5265975.
3, 5, 11, 13, 491
List the prime factors of 4557132.
2, 3, 103, 1229
List the prime factors of 109618.
2, 23, 2383
What are the prime factors of 2034147?
3, 29, 103, 227
List the prime factors of 10156127.
19, 31, 43, 401
List the prime factors of 7383884.
2, 1033, 1787
What are the prime factors of 504852?
2, 3, 42071
List the prime factors of 10024935.
3, 5, 31, 21559
What are the prime factors of 7747049?
1087, 7127
List the prime factors of 18424976.
2, 29, 39709
List the prime factors of 77645.
5, 53, 293
What are the prime factors of 760376?
2, 17, 5591
List the prime factors of 442424.
2, 29, 1907
List the prime factors of 22060581.
3, 7353527
What are the prime factors of 575780?
2, 5, 28789
List the prime factors of 71524.
2, 17881
List the prime factors of 1794288.
2, 3, 29, 1289
What are the prime factors of 344961?
3, 38329
List the prime factors of 249414.
2, 3, 11, 3779
List the prime factors of 3261590.
2, 5, 326159
List the prime factors of 6468093.
3, 47, 1699
What are the prime factors of 683978?
2, 17, 20117
What are the prime factors of 44336757?
3, 14778919
List the prime factors of 1607682.
2, 3, 47, 5701
What are the prime factors of 6387569?
29, 37, 5953
List the prime factors of 21281037.
3, 53, 133843
List the prime factors of 105780.
2, 3, 5, 41, 43
List the prime factors of 1719362.
2, 859681
List the prime factors of 376669.
17, 22157
List the prime factors of 4508747.
587, 7681
List the prime factors of 13014248.
2, 13, 17, 433
What are the prime factors of 4098098?
2, 647, 3167
List the prime factors of 7799566.
2, 17, 229399
What are the prime factors of 353246?
2, 347, 509
List the prime factors of 327744.
2, 3, 569
List the prime factors of 1469669.
19, 77351
What are the prime factors of 9186411?
3, 13, 109, 2161
What are the prime factors of 695607?
3, 11, 107, 197
What are the prime factors of 32847206?
2, 7, 653, 3593
List the prime factors of 5224000.
2, 5, 653
List the prime factors of 30135.
3, 5, 7, 41
List the prime factors of 10353902.
2, 13, 398227
What are the prime factors of 195309?
3, 21701
What are the prime factors of 10719997?
10719997
List the prime factors of 515900.
2, 5, 7, 11, 67
What are the prime factors of 358632?
2, 3, 17, 293
List the prime factors of 4628943.
3, 11, 46757
List the prime factors of 810103.
7, 19, 6091
List the prime factors of 9948721.
241, 41281
What are the prime factors of 510208?
2, 1993
List the prime factors of 2523735.
3, 5, 17, 3299
List the prime factors of 1900840.
2, 5, 47521
List the prime factors of 1981.
7, 283
List the prime factors of 258367.
89, 2903
List the prime factors of 231252.
2, 3, 7, 2753
List the prime factors of 6126678.
2, 3, 59, 641
What are the prime factors of 2204244?
2, 3, 7, 8747
What are the prime factors of 27674731?
7, 199, 19867
What are the prime factors of 184766?
2, 92383
What are the prime factors of 4142959?
1229, 3371
What are the prime factors of 10301357?
11, 936487
What are the prime factors of 156294?
2, 3, 19, 457
List the prime factors of 115665.
3, 5, 11, 701
List the prime factors of 131082.
2, 3, 7, 3121
What are the prime factors of 108430?
2, 5, 7, 1549
List the prime factors of 85861.
19, 4519
List the prime factors of 1067668.
2, 7, 17, 2243
List the prime factors of 11106492.
2, 3, 313, 2957
What are the prime factors of 1022270?
2, 5, 151, 677
What are the prime factors of 409840?
2, 5, 47, 109
List the prime factors of 5149893.
3, 7, 19, 12907
What are the prime factors of 360720?
2, 3, 5, 167
List the prime factors of 1300378.
2, 650189
What are the prime factors of 4392392?
2, 17, 32297
What are the prime factors of 8291339?
7, 23, 1051
What are the prime factors of 15330260?
2, 5, 11, 17, 4099
What are the prime factors of 772588?
2, 193147
What are the prime factors of 1443023?
1051, 1373
What are the prime factors of 4241338?
2, 23, 92203
What are the prime factors of 3127725?
3, 5, 13901
List the prime factors of 12622218.
2, 3, 7, 397, 757
What are the prime factors of 6965837?
19, 523, 701
What are the prime factors of 1265909?
1265909
List the prime factors of 8024539.
23, 269, 1297
List the prime factors of 13093569.
3, 5987
List the prime factors of 210969.
3, 11, 2131
What are the prime factors of 1165773?
3, 7, 43, 1291
What are the prime factors of 1359383?
881, 1543
What are the prime factors of 15555294?
2, 3, 288061
What are the prime factors of 2295271?
11, 31, 53, 127
List the prime factors of 2016864.
2, 3, 47, 149
List the prime factors of 268902.
2, 3, 14939
What are the prime factors of 189902?
2, 94951
What are th